
6
What is the remainder when 90 is divided by 53 + 1*(-3 - 2)?
42
Suppose 2*k - 8 = -2*k. Suppose 32 = -k*s + 3*x - 90, 0 = 5*s - 3*x + 287. Calculate the remainder when 15 is divided by 64/10 - (-22)/s.
3
Let v(u) = 64*u**2 - 311*u - 6. Suppose -4*o - 2*l = -32, -3*o = -l - 3 - 11. What is the remainder when v(5) is divided by o?
3
Suppose 3*a - 4 = 2*a. Suppose 0 = -a*i + 7*i - 96. Let h = 10 + -3. What is the remainder when i is divided by h?
4
Let k be (-4)/(72/102)*15. What is the remainder when 5 is divided by (-51)/k - (-14)/10?
1
Let x = 141 + -104. What is the remainder when 145 is divided by x?
34
Suppose 1740 = -6*m + 8*m. Calculate the remainder when m is divided by 67.
66
Let g(v) = v**2 - 7*v - 61. Let u(f) = f**2 - 4*f - 30. Let a = 14 + -9. Let i(t) = a*u(t) - 3*g(t). Calculate the remainder when i(0) is divided by 9.
6
Suppose -2*a + 350 = 2*n, 74 = 4*a + 2*n - 634. What is the remainder when a is divided by 47?
38
Suppose -540 = 44*n - 71*n. Calculate the remainder when 175 is divided by n.
15
Let y be 2 + ((-16)/4)/1. Calculate the remainder when 207 is divided by (0 - y)*156/6.
51
Suppose -2*m - 26 = -4*m. Suppose -2*t = 2*y - 0*t - 96, 3*t + 206 = 4*y. What is the remainder when y is divided by m?
11
Let m(d) = d**2 + 9*d + 7. Let s be m(-9). Suppose -6*n + s*n - 45 = 0. What is the remainder when n is divided by 16?
13
Let s = 1098 + -838. Calculate the remainder when s is divided by 11.
7
Suppose 33122 = 17*t + 1961. What is the remainder when t is divided by 36?
33
Suppose -4*g + 1 + 11 = 0. Let a(z) = 14*z - 16 - 17*z + 2*z**2 + 13. What is the remainder when 10 is divided by a(g)?
4
Let u(b) = 38*b + 3. What is the remainder when 321 is divided by u(1)?
34
Suppose -u - 4*u + 13 = i, 3*i = -u + 11. Suppose i*j = 5*j + 3*a + 41, -2*a = 3*j + 49. Calculate the remainder when (-139)/(-4) - j/52 is divided by 19.
16
Suppose 5*n - 46 = -3*w, 3 = 3*n - 3. What is the remainder when 43 is divided by w?
7
Suppose 0 = -2*q + 4*v + 16, -v = -5*q - 2*v + 40. Suppose -4*z + 3 + 21 = 0, 2*f - 3*z = 58. What is the remainder when f is divided by q?
6
Suppose 8*o = 3*o + 125. Suppose 0 = -2*t - 4*x + 26, -3*t + 31 = 5*x - 5. Suppose -10*l = -t*l - 21. What is the remainder when o is divided by l?
4
Suppose 5*h = 5*u + 630, 4*h = -5*u + 10*u + 501. Calculate the remainder when h is divided by 34.
27
Suppose 5*b - 344 = -3*c - 136, 0 = b - 3*c - 56. Calculate the remainder when 1890 is divided by b.
42
Suppose 0 = -0*d + 4*d - 4*t - 212, -4*d + 2*t = -218. What is the remainder when d is divided by (240/50)/((-81)/30 + 3)?
8
Suppose 0 = -3*z + v + 1081, z + 41*v - 45*v = 342. What is the remainder when z is divided by 73?
70
Let l = -282 + 291. Calculate the remainder when 115 is divided by l.
7
Let r(w) = -313*w + 5. Calculate the remainder when (-2)/5 + 112/5 is divided by r(0).
2
Let g = 50 - 22. Let o = -15 + g. Calculate the remainder when o is divided by 7.
6
What is the remainder when -2 + 8 + -3 + (6 - -505) is divided by 87?
79
Suppose -3*m - 30*m = -264. Calculate the remainder when 48 is divided by m.
0
Suppose -47 = -5*r + 3. Let y be 19/((-3)/((-9)/3)). Suppose -5*m + 5*n = -70, -2*m + 4*m - y = 5*n. What is the remainder when m is divided by r?
7
Suppose n - l - 251 = 0, -1234 = -5*n - 16*l + 14*l. What is the remainder when n is divided by 14?
10
Suppose -14*f = -3*f - 121. What is the remainder when 97 is divided by f?
9
Let s be 1*(-1 + (0 - -1)). Suppose g = -2*z + 10, -3*z = -s*g + g - 13. What is the remainder when 19 is divided by g?
3
Let a(f) = -f + 6. What is the remainder when (144/(-60))/((-6)/140) is divided by a(-9)?
11
Suppose 125 + 105 = -5*z. Suppose 0 = 4*f - 2*o - 208 - 66, 0 = 5*f - o - 335. Let u = f + z. Calculate the remainder when 78 is divided by u.
18
Let r(p) = -12*p. Let i(l) = l**3 + 44*l**2 - 11*l - 471. Calculate the remainder when r(-2) is divided by i(-44).
11
Let b(p) = -2*p**2 - 52*p - 165. What is the remainder when b(-21) is divided by 19?
7
Let d = 15 - 23. Let j be (d + 100)*(-2)/4. What is the remainder when 45 is divided by (-6)/(-12) + j/(-4)?
9
Let x = 24 + -14. Let z(m) = -m**3 + 37*m**2 - 3*m + 115. Calculate the remainder when x is divided by z(37).
2
Let y = 152 + -77. Suppose -2*c = -y + 9. Calculate the remainder when c is divided by 12.
9
Calculate the remainder when 162 is divided by (9 - (-11 - -10)) + -5.
2
Let b(g) = -g**2 - 19*g + 288. Let o be 2/(-4)*-2*1. What is the remainder when b(9) is divided by 2/4*38*o?
17
Let x = -6 - -21. Let t be 1/(-4) - (-51)/12. Suppose n - t*n = -132. Calculate the remainder when n is divided by x.
14
Suppose -9*q = -175 - 221. Let w = -33 + q. Calculate the remainder when w is divided by 7.
4
Let v(i) = 2*i**2 + 15*i + 12. What is the remainder when 16 is divided by v(-7)?
1
Let g = 23 + -15. Suppose 9*q - 10*q = 0. Suppose -4*m + 88 = -q*m. Calculate the remainder when m is divided by g.
6
Suppose 0 = -15*v - 5*v + 40. What is the remainder when 89 is divided by v*11 + -6 + 7?
20
What is the remainder when 1702/18 + 7*24/378 is divided by 16?
15
Suppose 5*c + 2*f - 78 = 296, 3*f + 237 = 3*c. What is the remainder when c is divided by 37?
2
Let i(f) = -42*f + 25. Let g be i(-12). Suppose -u + 3*n + 73 = -26, 5*u + 2*n = g. Calculate the remainder when u is divided by 27.
24
Suppose 0*c = -4*r + c + 11, -5*r = -2*c - 10. Let g(n) = -3*n - 6*n - n**2 + 3*n + 7 + 2. Calculate the remainder when r is divided by g(-7).
0
Let w(l) = -l**3 + 13*l**2 - 24*l - 31. Suppose 2*j = j + 113. What is the remainder when j is divided by w(10)?
26
Suppose -4*p - 2 = j - 46, p = 2*j - 106. Suppose j = -3*m - 5*o, 0 = -2*m + 4*o - 59 - 5. What is the remainder when (14/(-3))/(m/180) is divided by 13?
9
Suppose -5*j + 0*j = -130. Suppose -2*s - u - j = 3*u, -2*s - 22 = 3*u. Calculate the remainder when 18 is divided by (s/3)/(2/(-6)).
3
Suppose 5*s + 2072 - 2342 = 0. Let t(p) = -p**2 + 12*p + 2. Let m be t(6). Suppose -m = -j - j. Calculate the remainder when s is divided by j.
16
Let h(a) = 55*a**2 + 2*a + 1. Let x be h(-1). Let s be ((-3)/9)/((-3)/x). Calculate the remainder when 666/16 + s/16 is divided by 11.
9
Let v(b) = -5*b - 1. Suppose -1 = 2*q + 1, -2*q - 662 = -4*t. What is the remainder when t is divided by v(-5)?
21
Let g(n) = 2*n**2 + 30*n - 2. Suppose -5*x + 61 = k - 3*k, -4*k = 4*x + 52. What is the remainder when g(k) is divided by 22?
18
Suppose 3*d = 2*d + 19. Let l(h) = h**3 + 3*h**2 - 3*h - 2. Let c be l(2). Suppose c = -3*b + 231. Calculate the remainder when b is divided by d.
16
Let k(o) = -34*o + 32. Calculate the remainder when k(-4) is divided by 31.
13
What is the remainder when (-2)/(-4) - (-33561)/226 is divided by 76?
73
Suppose -8*z = -3*z - 110. Suppose 5*p - 34 = -3*r, -4*r - 3*p + z = -27. Let u = 1 + r. What is the remainder when u is divided by 8?
6
Suppose -51*r = -45*r - 12. What is the remainder when 5 is divided by r?
1
Suppose 0 = k + 2, 4*j - k = -3*k + 36. Calculate the remainder when ((452 + 4)/6)/2 is divided by j.
8
Let o = -517 - -549. What is the remainder when 223 is divided by o?
31
Suppose 2*w - 3*r - 68 = 0, 11 = w + 3*r - 23. What is the remainder when 122 is divided by w?
20
Calculate the remainder when (-3 - (-2 + 148))*-1 is divided by 38.
35
Let r = -383 - -385. Calculate the remainder when 18 is divided by r.
0
Suppose -2*h + 20 = -0*h. Let f be 625/(-10)*(-8)/h. Suppose q + r - 18 = 0, -7*q = -2*q - 5*r - f. Calculate the remainder when q is divided by 4.
2
Calculate the remainder when (248/2)/(2/3) is divided by (-72)/198 - (-3126)/66.
45
Suppose -2*p + 421 = -q, 5*p + 3*q - 804 = 221. What is the remainder when p is divided by 42?
40
Let g(y) = 14*y + 125. What is the remainder when 189 is divided by g(-8)?
7
Suppose 0 = 2*c + 3*l - 31, 14 = 4*c - 3*l - 57. Calculate the remainder when c is divided by 6*((-160)/(-285) - (-2)/19).
1
Let c(x) = 31 - 56*x + 32*x + 40 + 27*x. Calculate the remainder when 31 is divided by c(-21).
7
Suppose 8*m - 4*m - 1588 = 0. Suppose 0 = -10*l - 127 + m. Let v = 148 - 69. What is the remainder when v is divided by l?
25
Let p = 301 + -262. Calculate the remainder when p is divided by 8.
7
Let v(o) = 7 + 0 + 2 - 9*o - 8*o**2 - 3 - o**3. Suppose 2*u = -6, -u + 